2 + 7*t - 10. Let g be p(-10). Calculate the highest common factor of 80 and g.
20
Let c be ((-2)/6)/(2/18). Let m be -3 + 1 - (-11 - c). Calculate the greatest common factor of 6 and m.
6
Let x(i) = i**3 + 0*i**3 - 5 - 2*i**3 + 3 + 4*i - 3*i**2. Let h be x(-5). Calculate the highest common factor of h and 14.
14
Suppose -4 = -y, -4*v + 53 - 5 = 3*y. What is the highest common factor of v and 36?
9
Suppose 3*d + 20 = 7*d. What is the highest common factor of 35 and d?
5
Suppose p - 5*p = -432. Let n(u) = -u + 5. Let f be n(-7). Calculate the highest common factor of f and p.
12
Let a = -41 - -93. Suppose 26 = 2*b + 2*u, b - u + 3*u = 13. Calculate the greatest common divisor of a and b.
13
Let g be (-1)/((2/3)/(4/(-3))). Calculate the highest common divisor of g and 22.
2
Let w be 24/(-10) - (-12)/30. Let g be (0 - (2 - 5)) + w. Calculate the highest common divisor of g and 5.
1
Let t = -11 - -16. Let n(w) = 2*w - 8. Let h be n(6). Suppose -h*v + 2*v = -u + 43, -5*u + 221 = -4*v. What is the highest common divisor of u and t?
5
Suppose -a + 14 = -l, -88 + 6 = -5*a - l. Calculate the highest common factor of a and 176.
16
Let q(j) = 21*j + 7. Let h(z) = z + 1. Let t(d) = 6*h(d) - q(d). Let l be t(-1). What is the greatest common factor of 2 and l?
2
Suppose -5*z + 3*z + 262 = 4*a, 3*a - 191 = 4*z. Let t = -14 + 27. Calculate the highest common divisor of t and a.
13
Let t = -10 + 95. Calculate the highest common factor of t and 17.
17
Let i(h) = h**3 - 6*h**2 - 4*h - 9. Let q be 1/(0 + -2)*-14. Let u be i(q). What is the greatest common divisor of 48 and u?
12
Let b(d) = 2*d - 7. Let m be b(6). Suppose -n + 24 = -m*n. Let g be n*(2 - (-5)/(-2)). What is the greatest common divisor of g and 24?
3
Suppose 0 = 4*i - 69 - 31. Suppose 5*g + 4*y - 70 = 0, -5*g + 85 = -4*y - i. Suppose 26 = 4*k - g. What is the highest common divisor of k and 88?
11
Let s be 6/10 + 1210/25. Suppose s = 2*k - 2*l - 3*l, k - 3*l - 23 = 0. Calculate the greatest common factor of k and 48.
16
Let y(p) = -19*p + 2. Let s be y(-2). What is the greatest common factor of 5 and s?
5
Suppose -2*i - 3*i + 110 = 0. Let k = i + 0. What is the greatest common divisor of k and 132?
22
Let h(y) = 5*y - 18. Let g be h(4). What is the highest common factor of g and 2?
2
Suppose -15 = j - 0*j + 4*r, 20 = -j - 5*r. Suppose -2*q + 3*v + 17 = 0, 0 + 1 = 4*q + j*v. What is the greatest common factor of 12 and q?
4
Let a be 3/(-3) - (1 - 16). Let j be 116/14 - 4/a. Suppose v - 4*u = -j, -v + 0 = -u - 1. What is the highest common divisor of v and 6?
2
Let z(l) be the first derivative of -15*l**2/2 - 2*l - 3. Let t be z(-6). Calculate the highest common factor of 11 and t.
11
Let g(t) = t - 7. Let s be g(11). Suppose s*y = y + 36. What is the highest common divisor of 24 and y?
12
Suppose -3*o + 70 - 22 = 0. Let m = o - 11. Suppose -m*y + y = -60. Calculate the highest common divisor of y and 45.
15
Suppose -8*q = 33 - 105. Let b = 11 - 375. Let l be b/(-10) + (-2)/5. What is the highest common divisor of l and q?
9
Suppose 0 = -5*w - y + 937, y + 372 = 3*w - w. What is the greatest common factor of w and 17?
17
Let w be 3 + (-15)/6*-14. Let r be (1 + w)*2/6. What is the greatest common factor of 39 and r?
13
Let b = 113 - 89. What is the greatest common factor of 36 and b?
12
Let i = 12 + 7. Let j be i + (0 - -3) + 2. What is the highest common divisor of 60 and j?
12
Let s(o) = 16*o**3 + o - 1. Let z be s(1). Let q = z - 12. What is the greatest common divisor of 4 and q?
4
Let d(o) = -o + 3. Let f be d(0). Suppose 0 = -5*s + 5*k + 1225, f*k = -4*s + 323 + 636. Let w = s - 98. What is the greatest common divisor of 18 and w?
18
Let n be (-3 - -4) + (-24 - 1). Let s = -12 - n. Let m = -107 - -119. What is the highest common divisor of s and m?
12
Suppose 3*w + 7 + 11 = 0. Let j(i) = i**3 + 6*i**2 + i + 5. Let c be j(w). Let r be (6/8 + c)*-4. Calculate the greatest common divisor of r and 11.
1
Suppose -2*b + 35 = -41. What is the highest common divisor of 418 and b?
38
Suppose -5*i + 40 = -385. Calculate the highest common factor of 5 and i.
5
Let n be ((-128)/(-6))/((-2)/(-3)). What is the greatest common factor of n and 256?
32
Let i be -1 - -42 - (-11 - -7). What is the highest common divisor of 18 and i?
9
Let y(l) = l**3 + 11*l**2 + 15*l - 18. Let m be y(-9). Calculate the greatest common divisor of 15 and m.
3
Suppose -3*a - a = 12, -2*r = -4*a - 76. Let k be (-22)/8 + 3/(-12). Let q be (-69)/(-9) - 1/k. Calculate the greatest common factor of r and q.
8
Let g be 197/5 - (-18)/30. Calculate the highest common factor of g and 5.
5
Let m(t) = 2*t**2 - 1. Let v be m(2). Let h(l) = -10*l + 3. Let x be h(-6). Calculate the highest common factor of x and v.
7
Suppose -2*f - 1 = 3*m + 2*f, 4*f = -4*m. Let z = -139 + 148. Calculate the greatest common divisor of z and m.
1
Let k = 9 + -4. Suppose 0 = -k*l + l. Suppose l = 4*r - 23 - 41. What is the highest common factor of 4 and r?
4
Let j(s) = 3*s**2 + 10*s + 26. Let d be j(-8). Calculate the greatest common factor of 23 and d.
23
Let u be (0/(-2) - -1)*7. Let q be (4/(-6))/((-4)/42). Calculate the greatest common factor of u and q.
7
Let s(u) = -3*u + 4. Let i be s(7). Let v be i/(-2)*(-4)/(-2). What is the highest common divisor of v and 68?
17
Let u be -6 + (0 - 0/3). Let s be (u/9)/((-4)/18). Calculate the greatest common divisor of 15 and s.
3
Let g = -2 + 9. Let r = g + -3. Let i = 18 - r. What is the highest common divisor of i and 126?
14
Suppose -2*c - 4*i + 9 = 3*c, -2 = 3*c - 5*i. Let j be c/1 - (0 + 1). Let g be (-1 - j)/(1/(-14)). What is the greatest common factor of 126 and g?
14
Let z = 40 - 30. What is the greatest common divisor of z and 30?
10
Let x(j) be the first derivative of j**3/3 + 42*j - 2. Let r be x(0). Calculate the greatest common factor of r and 14.
14
Suppose 0*y + 2*y - 302 = 0. Let d = 223 - y. What is the greatest common factor of 8 and d?
8
Let o = 10 + -8. Suppose -d = -4*n - 6 - 7, 5*n - 4*d = -8. Let w be n/(-8) + (-22)/(-4). Calculate the highest common divisor of o and w.
2
Suppose 0 - 5 = -5*x. Let w = 4 + x. What is the highest common divisor of 50 and w?
5
Let s = -23 + 24. Suppose 5*v - s = 34. What is the highest common divisor of 28 and v?
7
Let g be 4/(-1)*(-7)/4. Suppose -3*z + s = 2, -2*s + g + 3 = 0. Calculate the highest common factor of 7 and z.
1
Let p be (-2)/(4 + (-185)/45). Let s(r) = -r**3 + 6*r**2 + r. Let w be s(6). What is the highest common factor of p and w?
6
Let d(z) = z**3 + 6*z**2 + 4*z - 2. Let m = 25 - 15. Suppose 4*j + m = 2*j. Let a be d(j). Calculate the highest common factor of 12 and a.
3
Suppose 3*u - 17 = 13. Suppose -6*f = -f - u. Calculate the greatest common divisor of 8 and f.
2
Suppose -3*d - 18 = k, 4*k - 5*k - 8 = d. Let o be -3 - k/((-6)/(-16)). Calculate the greatest common divisor of 10 and o.
5
Suppose 7*t - 8*t + 8 = 0. What is the highest common divisor of t and 44?
4
Let v = 165 + -121. Calculate the greatest common divisor of v and 77.
11
Let x be (2/4)/(3/24). Let c(s) = 4*s - 6. Let n be c(x). Calculate the highest common factor of n and 10.
10
Let c = -403 + 628. What is the highest common factor of 25 and c?
25
Suppose -2*i + 82 = -0*i - 5*g, 2 = -g. What is the greatest common divisor of 18 and i?
18
Let t = 88 - 52. Let b be (18/(-15))/(1/(-10)). Calculate the highest common divisor of b and t.
12
Suppose 0 = f + 2*f + 3. Let t be f + -3 + 2 + 0. Let o(d) = -2*d**3 - 3*d**2. Let g be o(t). Calculate the greatest common factor of g and 36.
4
Suppose -3*b - 17 = -4*b. Let u be 1/(-1)*2 + 4. Suppose -477 = -4*v + o, -v - v + u*o + 240 = 0. Calculate the highest common divisor of v and b.
17
Suppose -5*m = -2*w - w - 21, -3*m + 2*w + 13 = 0. Calculate the highest common factor of 1 and m.
1
Suppose g = 3*k - 75, 3*g = 5*k + 5*g - 114. Let m = 1 + 2. What is the greatest common factor of m and k?
3
Suppose 4*f = -3*c + 5, 0 = 3*c + 19 - 4. Calculate the greatest common divisor of f and 10.
5
Let d = 743 - 527. What is the greatest common divisor of d and 24?
24
Let j(z) be the first derivative of -3/2*z**2 + 2*z - 1/4*z**4 + 5/3*z**3 + 2. Let i be j(3). What is the greatest common factor of 77 and i?
11
Let p = -18 - -33. Suppose 2*f - 4*x - 13 =